st common factor of 48 and h?
12
Suppose 6*i - 171 = 9*i. Let x = -52 - i. Calculate the greatest common divisor of x and 45.
5
Let d be ((-5)/2)/(-14 - 9515/(-680)). Calculate the highest common divisor of 425 and d.
85
Let i = 14 - 13. Let a(o) = -o**3 + o**2. Let c be a(i). Let b(s) = -s**2 - s + 217. Let r be b(c). What is the highest common divisor of r and 31?
31
Suppose 0 = 2*q + 24 - 80. Suppose 0 = t + 3*g - g + 4, 2*t - 5*g - q = 0. Calculate the highest common factor of 6 and t.
2
Let w(v) = 34*v**2 - 64*v + 324. Let h be w(5). Calculate the highest common factor of h and 122.
122
Let l be ((-4)/(-6))/(20/1230). Suppose 2*q + 36 = 3*p - q, 0 = 3*p - 2*q - l. What is the greatest common divisor of p and 119?
17
Let n be 2 + -1 + 0 + 2. Suppose s - 12 = -n*s. Suppose 132 = s*j - t + 4*t, 2*t + 2 = 0. Calculate the highest common factor of 18 and j.
9
Let s = -47 - -53. Suppose s*i - 3*i - 6 = 0. Calculate the highest common divisor of 4 and i.
2
Let d be (1 + -1)/(-10 + 9). Suppose 2*n - 3*y - 20 + 1 = d, 4*y = 2*n - 20. What is the greatest common divisor of n and 1?
1
Let h(m) = m**3 + 37*m**2 - 81*m - 102. Let w be h(-39). Calculate the greatest common divisor of w and 60.
15
Let d be 6250/40 - (-65)/(-52). What is the highest common factor of 341 and d?
31
Let q be 30/(-1)*(5 - 7). Let d be 3/((18/(-40))/(q/(-25))). What is the greatest common divisor of 80 and d?
16
Let w = -57 + 108. Let v be 9/6 + w/6. What is the highest common factor of v and 4?
2
Let c be (-41274)/(-54) - (-10)/15. Calculate the highest common divisor of c and 85.
85
Let x(l) = 37*l**2 + 3*l + 51. Let i be x(-7). Calculate the greatest common divisor of i and 194.
97
Let c be -33*-2*8/48. Calculate the greatest common factor of 176 and c.
11
Suppose -8 = -4*n - 32. Let s be n/16 + (-1746)/(-48). What is the greatest common divisor of s and 108?
36
Let q(n) = -11*n + 539. Let p be q(17). Calculate the highest common divisor of p and 22.
22
Suppose -4*r = r - 20. Suppose r*o = 293 + 147. Calculate the highest common divisor of o and 10.
10
Let w(t) = 20*t**2 + 2 - 19*t**2 + 8*t - 14. Let u be w(-17). Calculate the greatest common factor of 94 and u.
47
Let v(t) = 2*t - 5*t + 2*t - 27 - 7*t. Let f be v(-4). What is the greatest common factor of f and 50?
5
Suppose 5*r + 16 + 4 = 0, -4*r - 466 = -2*y. What is the greatest common divisor of 9 and y?
9
Suppose -4*y + 15 = -5. Let u(g) = g**3 + 7*g**2 + 3*g + 10. Let v be u(-5). Let b = 50 - v. What is the greatest common divisor of b and y?
5
Suppose -13*o + 84 = -7. Calculate the greatest common factor of o and 1.
1
Let o = 58 + -28. Let b = o + -12. Calculate the highest common divisor of 54 and b.
18
Suppose -3*l + 43 = 4*w, -5*l = -76*w + 72*w - 93. What is the highest common divisor of 697 and l?
17
Suppose s + 3*x = 255, 0 = -2*s + x + 346 + 136. What is the greatest common factor of s and 27?
27
Let k = 71 - 51. Suppose 5*a + 5*l - 295 = 0, -4*a + l - k = -241. Calculate the greatest common factor of a and 84.
28
Let h be 6 + (-3)/(-3) + -5. Suppose h*l + 75 + 19 = 5*y, 0 = -4*y - 4*l + 92. What is the greatest common factor of 5 and y?
5
Let v be (11/(-33))/((-2)/18). Suppose -4*o - 3*b = -70, -v*o - b + 34 = -o. Let x(n) = n**2 + 24. Let h be x(0). What is the highest common divisor of h and o?
8
Let d(m) = -15*m**3 - 8*m**2 + 2*m + 2 - 20*m**3 + 33*m**3. Let o be d(-5). Calculate the greatest common divisor of o and 28.
14
Let k = 31 - 16. Suppose -4*b + 5*v = -125, -5*b + 4*b + v = -31. What is the highest common divisor of k and b?
15
Let m be 2/(-2) + -10 + 89. Let p = m - 36. What is the highest common divisor of p and 6?
6
Suppose 0 = 5*f - 241 - 119. Suppose -16 = -3*c + 11. Calculate the greatest common divisor of c and f.
9
Suppose -4*x = -r - 5, 5*x - 77 + 57 = 0. Let q be -22*(-2)/4*3. What is the greatest common divisor of q and r?
11
Let i(p) = 13*p**3 - 3*p**2 - 3*p - 1. Let v be i(-2). Let o = v - -207. Let s be (2/(-6))/((-8)/o). Calculate the greatest common factor of 8 and s.
4
Suppose -5*g = -951 - 379. Calculate the highest common factor of g and 38.
38
Suppose d = 5, 5*n + 5*d - 15 = 20. Let p = 32 + -84. Let l = p - -56. Calculate the greatest common factor of n and l.
2
Let w be -2 + 1 + (9 - (0 + 4)). Let g be ((-4)/(-6))/((-1)/3). Let p be 36 + g + 3 + -1. What is the greatest common factor of p and w?
4
Suppose -2*g - 12*g + 1428 = 0. Suppose 0 = 6*n - 2*n - 12. Suppose -3*o - 16 = -n*y + 23, 0 = 3*o - 12. What is the greatest common factor of y and g?
17
Suppose -3*l + 22 = -5*s, 4*l + 14 = 7*l - s. Suppose 2*p = 5*y + 53, -17*p - l*y + 92 = -13*p. What is the highest common factor of 192 and p?
24
Let c(b) = -3*b + 11. Let j be c(9). Let w be (-14)/(-7)*j/2. Let x = w - -25. What is the greatest common divisor of 99 and x?
9
Let h be 4/10 - (2 - 132/20). Let o = -28 + 31. Suppose -40 = -7*v + o*v. Calculate the highest common factor of h and v.
5
Suppose 2*f - 5*t = 169, 3 + 59 = f + 2*t. Let a = -78 + 62. Let v = 24 + a. What is the highest common factor of f and v?
8
Let k(u) = 28*u + 69. Let c be k(2). Calculate the highest common factor of c and 25.
25
Let h = 32 + -29. Suppose 4*q = 4*r - 124, -3 + 9 = -h*q. Let t = -58 + 116. What is the highest common divisor of t and r?
29
Suppose 0 = -3*w - 3*g - g + 20, 2*g - 12 = -2*w. Suppose -w*i = -171 + 87. Calculate the highest common divisor of i and 7.
7
Suppose 3 - 15 = 4*w. Let h be 1/((-2)/(-14)) + w. Calculate the greatest common divisor of h and 32.
4
Let o(a) = 20*a - 1. Let f(y) = 19*y - 2. Let p(n) = 2*f(n) - 3*o(n). Let w be (6/8)/(1/(-4)). Let i be p(w). Calculate the greatest common divisor of 13 and i.
13
Let q = 774 - 735. What is the highest common factor of 507 and q?
39
Suppose 205 = 2*j + 5*r, 3*j + 301 = 6*j + r. What is the greatest common factor of 550 and j?
50
Suppose 0 = 13*v - 441 - 3186. Calculate the highest common divisor of 31 and v.
31
Suppose -4*s - 41 = -3*h, h - s + 13 = -5*s. Let c(b) = -b**2 + 17*b - 14. Let i be c(h). Calculate the highest common divisor of i and 14.
14
Suppose 2*r + 36 = r. Let j = -21 - r. Calculate the greatest common divisor of 165 and j.
15
Let z be 7*5/35*10. What is the highest common divisor of z and 310?
10
Let j be (21/14)/(7/42). What is the greatest common divisor of 87 and j?
3
Let a(n) = n**2 + 4*n + 22. Let p be a(-11). Suppose r - 27 - p = 0. Calculate the greatest common divisor of 28 and r.
14
Let y be 9*1*(85 - 84). Let a = -32 + 11. Let s be (-384)/a - 2/7. Calculate the highest common divisor of y and s.
9
Let q(d) = -3*d + 121. Let s be q(38). Let n(b) = 4*b**2 - b - 4. Let f be n(5). What is the greatest common divisor of s and f?
7
Let o(x) = 2*x**2 + 3*x - 8. Let u be o(-4). Suppose 58 + u = 5*r. Calculate the highest common divisor of 2 and r.
2
Suppose 0 = -x + 2*r + 78, 3*r - 111 - 223 = -4*x. Suppose 0 = x*w - 87*w + 100. What is the highest common factor of 12 and w?
4
Let u(b) = -b**3 - 26*b**2 + 3*b + 87. Let q be u(-26). Calculate the greatest common factor of q and 6.
3
Suppose 5*w - 434 = 4*m, m + 3*m = 16. Let i be 7 - (0 + 0 + -11). Calculate the greatest common divisor of i and w.
18
Let g = -29 - -33. Suppose -8 = -b + g*i, -i = -4*b + 2*i + 58. What is the highest common divisor of 16 and b?
16
Let u be 285*((-2)/3 - -1). Suppose 2*b - 5*l + 21 = u, -2*b + 62 = -2*l. Calculate the highest common factor of b and 243.
27
Let c(w) = w**2 + 3*w - 73. Let p be c(-11). Suppose 5*b + 2*z - 17 = 0, -5*b + 2*z + 0*z + 33 = 0. What is the highest common divisor of p and b?
5
Suppose 0 = -5*n - 2*s + 140, -4*n - 52 = -s - 151. Let u = 18 + 216. What is the highest common divisor of n and u?
26
Let s(o) = -28*o + 2. Let r be s(-1). Let v = -9 + r. Suppose 0 = 2*l - 635 + 173. What is the greatest common divisor of v and l?
21
Let t(y) = y**2 - 2*y + 1. Let o be t(-3). Suppose -2*d + 234 = 2*h, -4*h + 5*d - 10*d = -473. What is the greatest common factor of h and o?
16
Let g(r) = 33*r - 55. Let m be g(4). Let f = 115 - m. What is the highest common factor of 57 and f?
19
Suppose -7*b = 4*b - 231. Suppose -b*q + 5*q = -1408. Calculate the highest common divisor of q and 8.
8
Suppose -5*z = u - 162, -6*u + 10*u + 144 = 4*z. Calculate the highest 